{"id":8,"date":"2026-02-18T14:11:55","date_gmt":"2026-02-18T13:11:55","guid":{"rendered":"https:\/\/psutw.piekary.pl\/?page_id=8"},"modified":"2026-02-18T14:11:55","modified_gmt":"2026-02-18T13:11:55","slug":"o-nas","status":"publish","type":"page","link":"https:\/\/psutw.piekary.pl\/index.php\/o-nas\/","title":{"rendered":"O nas"},"content":{"rendered":"\n<p>Piekarskie Stowarzyszenie Uniwersytet Trzeciego Wieku<\/p>\n\n\n\n<p>Uniwersytet Trzeciego Wieku jest plac\u00f3wk\u0105 o\u015bwiatowo &#8211; kulturaln\u0105 dla os\u00f3b w wieku emerytalnym oferuj\u0105c\u0105 systematyczne i atrakcyjne zaj\u0119cia, kt\u00f3rych g\u0142\u00f3wnym celem jest upowszechnianie wiedzy z r\u00f3\u017cnych dziedzin \u017cycia. Piekarskie Stowarzyszenie UTW zosta\u0142o zarejestrowane w S\u0105dzie Rejonowym w Gliwicach w dniu 28.08.2018r. i rozpocz\u0119\u0142o swoj\u0105 statutow\u0105 dzia\u0142alno\u015b\u0107.<\/p>\n\n\n\n<p>Poprzez swoj\u0105 dzia\u0142alno\u015b\u0107 UTW wysy\u0142a do spo\u0142ecze\u0144stwa wa\u017cny sygna\u0142: aktywno\u015b\u0107 w \u017cyciu nie ko\u0144czy si\u0119 wraz z odej\u015bciem na emerytur\u0119. To teraz w\u0142a\u015bnie mo\u017cna odda\u0107 si\u0119 bez reszty robieniu czego\u015b, co daje przyjemno\u015b\u0107, satysfakcj\u0119. Aktywno\u015b\u0107 intelektualna i fizyczna daje tak\u017ce gwarancj\u0119 sprawno\u015bci i pogody ducha, chroni przed depresjami i frustracjami oraz poczuciem alienacji.<\/p>\n\n\n\n<p>Jeste\u015bmy nastawieni na dzia\u0142anie, program opracowywany jest na ka\u017cdy semestr i staramy si\u0119 wzbogaca\u0107 nasz\u0105 ofert\u0119, by zawsze znalaz\u0142o si\u0119 co\u015b nowego i interesuj\u0105cego. Je\u017celi jeste\u015b osob\u0105 pe\u0142n\u0105 pasji, energii to na pewno powiniene\u015b trafi\u0107 do naszego UTW.<\/p>\n\n\n\n<p>W naszym Uniwersytecie S\u0142uchacze maj\u0105 mo\u017cliwo\u015b\u0107 uczestniczenia w wyk\u0142adach o r\u00f3\u017cnej tematyce oraz szans\u0119 przynale\u017cenia do rozmaitych fakultet\u00f3w. Ponadto s\u0142uchacze maj\u0105 mo\u017cliwo\u015b\u0107 korzystania z organizowanych w trakcie semestru warsztat\u00f3w, k\u00f3\u0142 zainteresowa\u0144, wycieczek krajoznawczych oraz wycieczek muzealnych.<\/p>\n\n\n\n<p>Dzia\u0142alno\u015b\u0107 UTW finansowana jest w znacznej mierze ze sk\u0142adek s\u0142uchaczy. \u015arodki te s\u0105 przeznaczone na utrzymanie bie\u017c\u0105cej dzia\u0142alno\u015bci UTW jak wyk\u0142adowcy, lektorzy, wynajem sal. Uniwersytet funkcjonuje w oparciu o zatwierdzony przez W\u0142adze Uczelni statucie i regulamin.<br><\/p>\n\n\n\n<h2 class=\"wp-block-heading\">Osi\u0105gni\u0119cia<\/h2>\n\n\n\n<h3 class=\"wp-block-heading\">XII Mi\u0119dzynarodowa Olimpiada Sportowa Senior\u00f3w \u2013 20 wrze\u015bnia 2020<\/h3>\n\n\n\n<p>Na Stadionie \u015al\u0105skim w Chorzowie odby\u0142a si\u0119 XII Mi\u0119dzynarodowa Olimpiada Sportowa Senior\u00f3w. Ze wzgl\u0119du na sytuacj\u0119 epidemiologiczn\u0105, liczba zawodnik\u00f3w i dyscyplin sportowych by\u0142a ograniczona zgodnie z wytycznymi Ministerstwa Sportu.<\/p>\n\n\n\n<p>Piekarskie Stowarzyszenie UTW reprezentowa\u0142a 4-osobowa grupa s\u0142uchaczy, kt\u00f3rzy zdobyli medale w nast\u0119puj\u0105cych dyscyplinach:<\/p>\n\n\n\n<ul class=\"wp-block-list\">\n<li><strong>Z\u0142oty medal<\/strong> \u2013 prze\u0142aje rowerowe kobiet<\/li>\n\n\n\n<li><strong>Br\u0105zowy medal<\/strong> \u2013 pchni\u0119cie kul\u0105 kobiet<\/li>\n\n\n\n<li><strong>Br\u0105zowy medal<\/strong> \u2013 boule m\u0119\u017cczyzn<\/li>\n<\/ul>\n\n\n\n<h3 class=\"wp-block-heading\">XIII Mi\u0119dzynarodowa Olimpiada Sportowa Senior\u00f3w \u2013 2022<\/h3>\n\n\n\n<p>Na Stadionie \u015al\u0105skim w Chorzowie odby\u0142a si\u0119 XIII Mi\u0119dzynarodowa Olimpiada Sportowa Senior\u00f3w. Zawodnicy Piekarskiego Stowarzyszenia UTW rywalizowali w nast\u0119puj\u0105cych konkurencjach:<\/p>\n\n\n\n<ul class=\"wp-block-list\">\n<li><strong>Srebrny medal<\/strong> \u2013 p\u0142ywanie kobiet<\/li>\n\n\n\n<li><strong>Br\u0105zowy medal<\/strong> \u2013 prze\u0142aje rowerowe m\u0119\u017cczyzn<\/li>\n<\/ul>\n\n\n\n<h3 class=\"wp-block-heading\">XIV Mi\u0119dzynarodowa Olimpiada Sportowa Senior\u00f3w \u2013 2023<\/h3>\n\n\n\n<p>Na Stadionie \u015al\u0105skim w Chorzowie odby\u0142a si\u0119 XIV Mi\u0119dzynarodowa Olimpiada Sportowa Senior\u00f3w. Reprezentanci PS UTW zdobyli:<\/p>\n\n\n\n<ul class=\"wp-block-list\">\n<li><strong>Srebrny medal<\/strong> \u2013 \u0142ucznictwo kobiet<\/li>\n\n\n\n<li><strong>Br\u0105zowy medal<\/strong> \u2013 prze\u0142aje rowerowe m\u0119\u017cczyzn<\/li>\n<\/ul>\n\n\n\n<h3 class=\"wp-block-heading\">V Uniwersjada Uniwersytet\u00f3w Trzeciego Wieku \u2013 4 czerwca 2023<\/h3>\n\n\n\n<p>10-osobowa grupa sportowa PS UTW uczestniczy\u0142a w V Uniwersjadzie UTW w \u015awi\u0119toch\u0142owicach, kt\u00f3ra odby\u0142a si\u0119 na obiektach sportowych OSiR \u201eSka\u0142ka\u201d, basenie krytym Szko\u0142y Podstawowej nr 1 oraz strzelnicy sportowej klubu FLOR-AMATOR. Impreza organizowana przez \u015awi\u0119toch\u0142owicki UTW by\u0142a finansowana ze \u015brodk\u00f3w Ministerstwa Sportu i Turystyki.<\/p>\n\n\n\n<p>Nasi zawodnicy startowali w nast\u0119puj\u0105cych konkurencjach, zdobywaj\u0105c wysokie miejsca:<\/p>\n\n\n\n<ul class=\"wp-block-list\">\n<li><strong>Srebrny medal<\/strong> \u2013 strzelanie z pistoletu pneumatycznego<\/li>\n\n\n\n<li><strong>Br\u0105zowy medal<\/strong> \u2013 wy\u015bcigi rowerowe<\/li>\n<\/ul>\n\n\n\n<p>W dodatkowej konkurencji \u201eDart\u201d dla prezes\u00f3w UTW, <strong>Krystyna Golis<\/strong> zdoby\u0142a <strong>srebrny medal<\/strong>.<\/p>\n\n\n\n<p>Uniwersjada by\u0142a nie tylko okazj\u0105 do sportowej rywalizacji, ale tak\u017ce do integracji senior\u00f3w z r\u00f3\u017cnych uniwersytet\u00f3w. Po okresie pandemii relacje mi\u0119dzy uczestnikami mog\u0142y na nowo si\u0119 zacie\u015bni\u0107. Wydarzenie urozmaici\u0142y wsp\u00f3lne zabawy i ta\u0144ce, a mimo chwilowych opad\u00f3w deszczu panowa\u0142a znakomita atmosfera.<\/p>\n\n\n\n<h1 class=\"wp-block-heading\">Uzyskane projekty Piekarskiego Stowarzyszenia UTW w Piekarach \u015al\u0105skich<\/h1>\n\n\n\n<h2 class=\"wp-block-heading\">1. Program wieloletni na rzecz Os\u00f3b Starszych \u201eAktywni+\u201d na lata 2021-2025 -edycja 2024<\/h2>\n\n\n\n<p><strong>Temat:<\/strong> \u201eSeniorzy w Akcji: proekologiczne Dzia\u0142ania na Rzecz \u015arodowiska\u201d<\/p>\n\n\n\n<p><strong>Okres realizacji:<\/strong> Od 01.08.2024 do 31.12.2024<\/p>\n\n\n\n<p><strong>Cel projektu:<\/strong> Rozw\u00f3j aktywno\u015bci spo\u0142ecznej 240 senior\u00f3w (60+) z terenu 12 pog\u00f3rniczych gmin\/\u015brodowisk lokalnych wojew\u00f3dztwa \u015bl\u0105skiego z szczeg\u00f3lnym uwzgl\u0119dnieniem wzmacniania postaw pro-ekologicznych oraz wiedzy i umiej\u0119tno\u015bci z zakresu partycypacji obywatelskiej.<\/p>\n\n\n\n<p>Warto\u015b\u0107 projektu: 230 672,00 z\u0142<\/p>\n\n\n\n<p>Warto\u015b\u0107 dofinansowania: 206 912,00 z\u0142<\/p>\n\n\n\n<h2 class=\"wp-block-heading\">2. Program wieloletni na rzecz Os\u00f3b Starszych \u201eAktywni+\u201d na lata 2021-2025 -edycja 2022<\/h2>\n\n\n\n<p><strong>Temat:<\/strong> \u201eSenior 60+ w obywatelskim dzia\u0142aniu\u201d<\/p>\n\n\n\n<p><strong>Okres realizacji:<\/strong> Od 01.05.2022 do 31.12.2022<\/p>\n\n\n\n<p><strong>Cel projektu:<\/strong> Podniesienie kompetencji, umiej\u0119tno\u015bci i postaw w\u015br\u00f3d 240 os\u00f3b w wieku powy\u017cej 60 r.\u017c., z 15 \u015brodowisk lokalnych wojew\u00f3dztwa \u015bl\u0105skiego. Projekt d\u0105\u017cy do zwi\u0119kszenia zaanga\u017cowania spo\u0142ecznego oraz obywatelskiego os\u00f3b 60+ w polityce lokalnej i regionalnej.<\/p>\n\n\n\n<p>Warto\u015b\u0107 projektu: 245 980,00 z\u0142<\/p>\n\n\n\n<p>Warto\u015b\u0107 dofinansowania: 223 480,00 z\u0142<\/p>\n\n\n\n<h2 class=\"wp-block-heading\">3. Program wieloletni na rzecz Os\u00f3b Starszych \u201eAktywni+\u201d na lata 2021-2025 -edycja 2021<\/h2>\n\n\n\n<p><strong>Temat:<\/strong> \u201eSenior 60+ w obywatelskim dzia\u0142aniu\u201d<\/p>\n\n\n\n<p><strong>Okres realizacji:<\/strong> Od 01.05.2021 do 31.12.2021<\/p>\n\n\n\n<p><strong>Cel projektu:<\/strong> Podniesienie kompetencji, umiej\u0119tno\u015bci i postaw w\u015br\u00f3d 240 os\u00f3b 60+ z 15 gmin wojew\u00f3dztwa \u015bl\u0105skiego, w celu zwi\u0119kszenia ich zaanga\u017cowania spo\u0142ecznego i obywatelskiego, a tak\u017ce ich reprezentatywno\u015bci w polityce lokalnej i regionalnej.<\/p>\n\n\n\n<p>Warto\u015b\u0107 projektu: 188 960,00 z\u0142<\/p>\n\n\n\n<p>Warto\u015b\u0107 dofinansowania: 166 460,00 z\u0142<\/p>\n\n\n\n<h2 class=\"wp-block-heading\">4. PROGRAMU FUNDUSZ INICJATYW OBYWATELSKICH &#8211; KONKURS FIO 2020<\/h2>\n\n\n\n<p><strong>Temat:<\/strong> \u201eSeniorze do dzie\u0142a!\u201d<\/p>\n\n\n\n<p><strong>Okres realizacji:<\/strong> Od 01.03.2020 do 30.11.2020<\/p>\n\n\n\n<p><strong>Cel projektu:<\/strong> Podniesienie poziomu zaanga\u017cowania spo\u0142ecznego i obywatelskiego os\u00f3b starszych 60+ w wojew\u00f3dztwie \u015bl\u0105skim, m.in. przez zwi\u0119kszenie kompetencji os\u00f3b dzia\u0142aj\u0105cych na rzecz swoich \u015brodowisk lokalnych, w tym w Gminnych Radach Senior\u00f3w (GRS).<\/p>\n\n\n\n<p>Warto\u015b\u0107 projektu: 117 975,00 z\u0142<\/p>\n\n\n\n<h2 class=\"wp-block-heading\">5. \u201eSENIOR NIESIE POMOC\u201d<\/h2>\n\n\n\n<p><strong>Okres realizacji:<\/strong> Od 01.08.2019 do 29.10.2019<\/p>\n\n\n\n<p><strong>Warto\u015b\u0107 projektu:<\/strong> 5 000,00 z\u0142<\/p>\n\n\n\n<p><strong>Cel projektu:<\/strong> Warsztaty nt. udzielania pierwszej pomocy dla 50 senior\u00f3w w wieku 60+ z Piekar \u015al\u0105skich i Siemianowic \u015al\u0105skich. Celem by\u0142o zwi\u0119kszenie wiedzy i umiej\u0119tno\u015bci nt. pierwszej pomocy oraz promowanie aktywnego trybu \u017cycia przez ruch w malowniczych okolicach Jury Krakowsko-Cz\u0119stochowskiej.<\/p>\n","protected":false},"excerpt":{"rendered":"<p>Piekarskie Stowarzyszenie Uniwersytet Trzeciego Wieku Uniwersytet Trzeciego Wieku jest plac\u00f3wk\u0105 o\u015bwiatowo &#8211; kulturaln\u0105 dla os\u00f3b w wieku emerytalnym oferuj\u0105c\u0105 systematyczne i atrakcyjne zaj\u0119cia, kt\u00f3rych g\u0142\u00f3wnym celem jest upowszechnianie wiedzy z r\u00f3\u017cnych dziedzin \u017cycia. Piekarskie Stowarzyszenie UTW zosta\u0142o zarejestrowane w S\u0105dzie Rejonowym w Gliwicach w dniu 28.08.2018r. i rozpocz\u0119\u0142o swoj\u0105 statutow\u0105 dzia\u0142alno\u015b\u0107. Poprzez swoj\u0105 dzia\u0142alno\u015b\u0107 UTW\u2026 <span class=\"read-more\"><a href=\"https:\/\/psutw.piekary.pl\/index.php\/o-nas\/\">Dowiedz si\u0119 wi\u0119cej &raquo;<\/a><\/span><\/p>\n","protected":false},"author":1,"featured_media":0,"parent":0,"menu_order":0,"comment_status":"closed","ping_status":"closed","template":"","meta":{"footnotes":""},"class_list":["post-8","page","type-page","status-publish","hentry"],"_links":{"self":[{"href":"https:\/\/psutw.piekary.pl\/index.php\/wp-json\/wp\/v2\/pages\/8","targetHints":{"allow":["GET"]}}],"collection":[{"href":"https:\/\/psutw.piekary.pl\/index.php\/wp-json\/wp\/v2\/pages"}],"about":[{"href":"https:\/\/psutw.piekary.pl\/index.php\/wp-json\/wp\/v2\/types\/page"}],"author":[{"embeddable":true,"href":"https:\/\/psutw.piekary.pl\/index.php\/wp-json\/wp\/v2\/users\/1"}],"replies":[{"embeddable":true,"href":"https:\/\/psutw.piekary.pl\/index.php\/wp-json\/wp\/v2\/comments?post=8"}],"version-history":[{"count":1,"href":"https:\/\/psutw.piekary.pl\/index.php\/wp-json\/wp\/v2\/pages\/8\/revisions"}],"predecessor-version":[{"id":9,"href":"https:\/\/psutw.piekary.pl\/index.php\/wp-json\/wp\/v2\/pages\/8\/revisions\/9"}],"wp:attachment":[{"href":"https:\/\/psutw.piekary.pl\/index.php\/wp-json\/wp\/v2\/media?parent=8"}],"curies":[{"name":"wp","href":"https:\/\/api.w.org\/{rel}","templated":true}]}}

<p>Piekarskie Stowarzyszenie Uniwersytet Trzeciego Wieku</p>



<p>Uniwersytet Trzeciego Wieku jest placówką oświatowo &#8211; kulturalną dla osób w wieku emerytalnym oferującą systematyczne i atrakcyjne zajęcia, których głównym celem jest upowszechnianie wiedzy z różnych dziedzin życia. Piekarskie Stowarzyszenie UTW zostało zarejestrowane w Sądzie Rejonowym w Gliwicach w dniu 28.08.2018r. i rozpoczęło swoją statutową działalność.</p>



<p>Poprzez swoją działalność UTW wysyła do społeczeństwa ważny sygnał: aktywność w życiu nie kończy się wraz z odejściem na emeryturę. To teraz właśnie można oddać się bez reszty robieniu czegoś, co daje przyjemność, satysfakcję. Aktywność intelektualna i fizyczna daje także gwarancję sprawności i pogody ducha, chroni przed depresjami i frustracjami oraz poczuciem alienacji.</p>



<p>Jesteśmy nastawieni na działanie, program opracowywany jest na każdy semestr i staramy się wzbogacać naszą ofertę, by zawsze znalazło się coś nowego i interesującego. Jeżeli jesteś osobą pełną pasji, energii to na pewno powinieneś trafić do naszego UTW.</p>



<p>W naszym Uniwersytecie Słuchacze mają możliwość uczestniczenia w wykładach o różnej tematyce oraz szansę przynależenia do rozmaitych fakultetów. Ponadto słuchacze mają możliwość korzystania z organizowanych w trakcie semestru warsztatów, kół zainteresowań, wycieczek krajoznawczych oraz wycieczek muzealnych.</p>



<p>Działalność UTW finansowana jest w znacznej mierze ze składek słuchaczy. Środki te są przeznaczone na utrzymanie bieżącej działalności UTW jak wykładowcy, lektorzy, wynajem sal. Uniwersytet funkcjonuje w oparciu o zatwierdzony przez Władze Uczelni statucie i regulamin.<br></p>



<h2 class="wp-block-heading">Osiągnięcia</h2>



<h3 class="wp-block-heading">XII Międzynarodowa Olimpiada Sportowa Seniorów – 20 września 2020</h3>



<p>Na Stadionie Śląskim w Chorzowie odbyła się XII Międzynarodowa Olimpiada Sportowa Seniorów. Ze względu na sytuację epidemiologiczną, liczba zawodników i dyscyplin sportowych była ograniczona zgodnie z wytycznymi Ministerstwa Sportu.</p>



<p>Piekarskie Stowarzyszenie UTW reprezentowała 4-osobowa grupa słuchaczy, którzy zdobyli medale w następujących dyscyplinach:</p>



<ul class="wp-block-list">
<li><strong>Złoty medal</strong> – przełaje rowerowe kobiet</li>



<li><strong>Brązowy medal</strong> – pchnięcie kulą kobiet</li>



<li><strong>Brązowy medal</strong> – boule mężczyzn</li>
</ul>



<h3 class="wp-block-heading">XIII Międzynarodowa Olimpiada Sportowa Seniorów – 2022</h3>



<p>Na Stadionie Śląskim w Chorzowie odbyła się XIII Międzynarodowa Olimpiada Sportowa Seniorów. Zawodnicy Piekarskiego Stowarzyszenia UTW rywalizowali w następujących konkurencjach:</p>



<ul class="wp-block-list">
<li><strong>Srebrny medal</strong> – pływanie kobiet</li>



<li><strong>Brązowy medal</strong> – przełaje rowerowe mężczyzn</li>
</ul>



<h3 class="wp-block-heading">XIV Międzynarodowa Olimpiada Sportowa Seniorów – 2023</h3>



<p>Na Stadionie Śląskim w Chorzowie odbyła się XIV Międzynarodowa Olimpiada Sportowa Seniorów. Reprezentanci PS UTW zdobyli:</p>



<ul class="wp-block-list">
<li><strong>Srebrny medal</strong> – łucznictwo kobiet</li>



<li><strong>Brązowy medal</strong> – przełaje rowerowe mężczyzn</li>
</ul>



<h3 class="wp-block-heading">V Uniwersjada Uniwersytetów Trzeciego Wieku – 4 czerwca 2023</h3>



<p>10-osobowa grupa sportowa PS UTW uczestniczyła w V Uniwersjadzie UTW w Świętochłowicach, która odbyła się na obiektach sportowych OSiR „Skałka”, basenie krytym Szkoły Podstawowej nr 1 oraz strzelnicy sportowej klubu FLOR-AMATOR. Impreza organizowana przez Świętochłowicki UTW była finansowana ze środków Ministerstwa Sportu i Turystyki.</p>



<p>Nasi zawodnicy startowali w następujących konkurencjach, zdobywając wysokie miejsca:</p>



<ul class="wp-block-list">
<li><strong>Srebrny medal</strong> – strzelanie z pistoletu pneumatycznego</li>



<li><strong>Brązowy medal</strong> – wyścigi rowerowe</li>
</ul>



<p>W dodatkowej konkurencji „Dart” dla prezesów UTW, <strong>Krystyna Golis</strong> zdobyła <strong>srebrny medal</strong>.</p>



<p>Uniwersjada była nie tylko okazją do sportowej rywalizacji, ale także do integracji seniorów z różnych uniwersytetów. Po okresie pandemii relacje między uczestnikami mogły na nowo się zacieśnić. Wydarzenie urozmaiciły wspólne zabawy i tańce, a mimo chwilowych opadów deszczu panowała znakomita atmosfera.</p>



<h1 class="wp-block-heading">Uzyskane projekty Piekarskiego Stowarzyszenia UTW w Piekarach Śląskich</h1>



<h2 class="wp-block-heading">1. Program wieloletni na rzecz Osób Starszych „Aktywni+” na lata 2021-2025 -edycja 2024</h2>



<p><strong>Temat:</strong> „Seniorzy w Akcji: proekologiczne Działania na Rzecz Środowiska”</p>



<p><strong>Okres realizacji:</strong> Od 01.08.2024 do 31.12.2024</p>



<p><strong>Cel projektu:</strong> Rozwój aktywności społecznej 240 seniorów (60+) z terenu 12 pogórniczych gmin/środowisk lokalnych województwa śląskiego z szczególnym uwzględnieniem wzmacniania postaw pro-ekologicznych oraz wiedzy i umiejętności z zakresu partycypacji obywatelskiej.</p>



<p>Wartość projektu: 230 672,00 zł</p>



<p>Wartość dofinansowania: 206 912,00 zł</p>



<h2 class="wp-block-heading">2. Program wieloletni na rzecz Osób Starszych „Aktywni+” na lata 2021-2025 -edycja 2022</h2>



<p><strong>Temat:</strong> „Senior 60+ w obywatelskim działaniu”</p>



<p><strong>Okres realizacji:</strong> Od 01.05.2022 do 31.12.2022</p>



<p><strong>Cel projektu:</strong> Podniesienie kompetencji, umiejętności i postaw wśród 240 osób w wieku powyżej 60 r.ż., z 15 środowisk lokalnych województwa śląskiego. Projekt dąży do zwiększenia zaangażowania społecznego oraz obywatelskiego osób 60+ w polityce lokalnej i regionalnej.</p>



<p>Wartość projektu: 245 980,00 zł</p>



<p>Wartość dofinansowania: 223 480,00 zł</p>



<h2 class="wp-block-heading">3. Program wieloletni na rzecz Osób Starszych „Aktywni+” na lata 2021-2025 -edycja 2021</h2>



<p><strong>Temat:</strong> „Senior 60+ w obywatelskim działaniu”</p>



<p><strong>Okres realizacji:</strong> Od 01.05.2021 do 31.12.2021</p>



<p><strong>Cel projektu:</strong> Podniesienie kompetencji, umiejętności i postaw wśród 240 osób 60+ z 15 gmin województwa śląskiego, w celu zwiększenia ich zaangażowania społecznego i obywatelskiego, a także ich reprezentatywności w polityce lokalnej i regionalnej.</p>



<p>Wartość projektu: 188 960,00 zł</p>



<p>Wartość dofinansowania: 166 460,00 zł</p>



<h2 class="wp-block-heading">4. PROGRAMU FUNDUSZ INICJATYW OBYWATELSKICH &#8211; KONKURS FIO 2020</h2>



<p><strong>Temat:</strong> „Seniorze do dzieła!”</p>



<p><strong>Okres realizacji:</strong> Od 01.03.2020 do 30.11.2020</p>



<p><strong>Cel projektu:</strong> Podniesienie poziomu zaangażowania społecznego i obywatelskiego osób starszych 60+ w województwie śląskim, m.in. przez zwiększenie kompetencji osób działających na rzecz swoich środowisk lokalnych, w tym w Gminnych Radach Seniorów (GRS).</p>



<p>Wartość projektu: 117 975,00 zł</p>



<h2 class="wp-block-heading">5. „SENIOR NIESIE POMOC”</h2>



<p><strong>Okres realizacji:</strong> Od 01.08.2019 do 29.10.2019</p>



<p><strong>Wartość projektu:</strong> 5 000,00 zł</p>



<p><strong>Cel projektu:</strong> Warsztaty nt. udzielania pierwszej pomocy dla 50 seniorów w wieku 60+ z Piekar Śląskich i Siemianowic Śląskich. Celem było zwiększenie wiedzy i umiejętności nt. pierwszej pomocy oraz promowanie aktywnego trybu życia przez ruch w malowniczych okolicach Jury Krakowsko-Częstochowskiej.</p>

<p>Piekarskie Stowarzyszenie Uniwersytet Trzeciego Wieku Uniwersytet Trzeciego Wieku jest placówką oświatowo &#8211; kulturalną dla osób w wieku emerytalnym oferującą systematyczne i atrakcyjne zajęcia, których głównym celem jest upowszechnianie wiedzy z różnych dziedzin życia. Piekarskie Stowarzyszenie UTW zostało zarejestrowane w Sądzie Rejonowym w Gliwicach w dniu 28.08.2018r. i rozpoczęło swoją statutową działalność. Poprzez swoją działalność UTW… <span class="read-more"><a href="https://psutw.piekary.pl/index.php/o-nas/">Dowiedz się więcej &raquo;</a></span></p>
