{"id":22,"date":"2026-02-18T14:19:13","date_gmt":"2026-02-18T13:19:13","guid":{"rendered":"https:\/\/psutw.piekary.pl\/?page_id=22"},"modified":"2026-02-18T14:19:33","modified_gmt":"2026-02-18T13:19:33","slug":"zarzad","status":"publish","type":"page","link":"https:\/\/psutw.piekary.pl\/index.php\/zarzad\/","title":{"rendered":"Zarz\u0105d"},"content":{"rendered":"\n<p>Krystyna Golis &#8211; prezes<\/p>\n\n\n\n<p>Henryk K\u0142ak &#8211; wiceprezes<\/p>\n\n\n\n<p>Ma\u0142gorzata Pogoda &#8211; sekretarz<\/p>\n\n\n\n<p>Dorota J\u0119czek &#8211; skarbnik<\/p>\n\n\n\n<p>El\u017cbieta Szmigielska &#8211; cz\u0142onek zarz\u0105du<\/p>\n\n\n\n<h2 class=\"wp-block-heading\">Komisja Rewizyjna<\/h2>\n\n\n\n<p><br>Czes\u0142awa Kolano &#8211; przewodnicz\u0105ca KR<\/p>\n\n\n\n<p>Marta Firlej &#8211; sekretarz<\/p>\n\n\n\n<p>Barbara Cisek &#8211; cz\u0142onek KR<\/p>\n","protected":false},"excerpt":{"rendered":"<p>Krystyna Golis &#8211; prezes Henryk K\u0142ak &#8211; wiceprezes Ma\u0142gorzata Pogoda &#8211; sekretarz Dorota J\u0119czek &#8211; skarbnik El\u017cbieta Szmigielska &#8211; cz\u0142onek zarz\u0105du Komisja Rewizyjna Czes\u0142awa Kolano &#8211; przewodnicz\u0105ca KR Marta Firlej &#8211; sekretarz Barbara Cisek &#8211; cz\u0142onek KR<\/p>\n","protected":false},"author":1,"featured_media":0,"parent":0,"menu_order":0,"comment_status":"closed","ping_status":"closed","template":"","meta":{"footnotes":""},"class_list":["post-22","page","type-page","status-publish","hentry"],"_links":{"self":[{"href":"https:\/\/psutw.piekary.pl\/index.php\/wp-json\/wp\/v2\/pages\/22","targetHints":{"allow":["GET"]}}],"collection":[{"href":"https:\/\/psutw.piekary.pl\/index.php\/wp-json\/wp\/v2\/pages"}],"about":[{"href":"https:\/\/psutw.piekary.pl\/index.php\/wp-json\/wp\/v2\/types\/page"}],"author":[{"embeddable":true,"href":"https:\/\/psutw.piekary.pl\/index.php\/wp-json\/wp\/v2\/users\/1"}],"replies":[{"embeddable":true,"href":"https:\/\/psutw.piekary.pl\/index.php\/wp-json\/wp\/v2\/comments?post=22"}],"version-history":[{"count":2,"href":"https:\/\/psutw.piekary.pl\/index.php\/wp-json\/wp\/v2\/pages\/22\/revisions"}],"predecessor-version":[{"id":24,"href":"https:\/\/psutw.piekary.pl\/index.php\/wp-json\/wp\/v2\/pages\/22\/revisions\/24"}],"wp:attachment":[{"href":"https:\/\/psutw.piekary.pl\/index.php\/wp-json\/wp\/v2\/media?parent=22"}],"curies":[{"name":"wp","href":"https:\/\/api.w.org\/{rel}","templated":true}]}}

Zarząd

<p>Krystyna Golis &#8211; prezes</p>



<p>Henryk Kłak &#8211; wiceprezes</p>



<p>Małgorzata Pogoda &#8211; sekretarz</p>



<p>Dorota Jęczek &#8211; skarbnik</p>



<p>Elżbieta Szmigielska &#8211; członek zarządu</p>



<h2 class="wp-block-heading">Komisja Rewizyjna</h2>



<p><br>Czesława Kolano &#8211; przewodnicząca KR</p>



<p>Marta Firlej &#8211; sekretarz</p>



<p>Barbara Cisek &#8211; członek KR</p>

<p>Krystyna Golis &#8211; prezes Henryk Kłak &#8211; wiceprezes Małgorzata Pogoda &#8211; sekretarz Dorota Jęczek &#8211; skarbnik Elżbieta Szmigielska &#8211; członek zarządu Komisja Rewizyjna Czesława Kolano &#8211; przewodnicząca KR Marta Firlej &#8211; sekretarz Barbara Cisek &#8211; członek KR</p>
