{"id":16,"date":"2026-02-18T14:17:49","date_gmt":"2026-02-18T13:17:49","guid":{"rendered":"https:\/\/psutw.piekary.pl\/?page_id=16"},"modified":"2026-04-21T10:34:47","modified_gmt":"2026-04-21T08:34:47","slug":"erasmus","status":"publish","type":"page","link":"https:\/\/psutw.piekary.pl\/index.php\/erasmus\/","title":{"rendered":"Erasmus+"},"content":{"rendered":"\n<h1 class=\"wp-block-heading\">Piekarskie Stowarzyszenie UTW wkracza na europejsk\u0105 scen\u0119 edukacyjn\u0105<\/h1>\n\n\n\n<p>Piekarskie Stowarzyszenie Uniwersytet Trzeciego Wieku rozpoczyna nowy, prze\u0142omowy projekt: \u201eEuropejska jako\u015b\u0107 nauczania i uczenia si\u0119 w Piekarskim Stowarzyszeniu Uniwersytet Trzeciego Wieku\u201d (2025-1-PL01-KA122-ADU-000311224). To pierwsze w historii naszego UTW do\u015bwiadczenie w realizacji projekt\u00f3w unijnych z udzia\u0142em zagranicznych instytucji kszta\u0142cenia os\u00f3b doros\u0142ych, dofinansowane z funduszy Unii Europejskiej.<\/p>\n\n\n\n<p>Projekt ma na celu rozw\u00f3j kompetencji naszych s\u0142uchaczy i kadry \u2013 zar\u00f3wno j\u0119zykowych i cyfrowych, jak i w zakresie zarz\u0105dzania grup\u0105, obs\u0142ugi narz\u0119dzi ICT oraz innowacyjnych metod uczenia doros\u0142ych opartych na grach.<\/p>\n\n\n\n<p>W ramach wyjazd\u00f3w edukacyjnych: 9 cz\u0142onk\u00f3w kadry PS UTW we\u017amie udzia\u0142 w zagranicznych kursach doskonalenia zawodowego, 12 s\u0142uchaczy uczestniczy\u0107 b\u0119dzie w mobilno\u015bci edukacyjnej do Czech. \u0141\u0105cznie 21 os\u00f3b zdob\u0119dzie do\u015bwiadczenie mi\u0119dzynarodowe, a w\u015br\u00f3d nich znajdzie si\u0119 6 os\u00f3b o mniejszych szansach, dla kt\u00f3rych b\u0119dzie to wyj\u0105tkowa okazja do podniesienia kwalifikacji.<\/p>\n\n\n\n<p>Dodatkowo, 2 osoby odb\u0119d\u0105 wizyt\u0119 przygotowawcz\u0105 w Czechach. Projekt realizowany jest we wsp\u00f3\u0142pracy z czterema zagranicznymi partnerami: czesk\u0105 PRIGO PSWO, greck\u0105 HE, hiszpa\u0144sk\u0105 ELA SL oraz UM SL. Uczestnicy b\u0119d\u0105 zdobywa\u0107 praktyczn\u0105 wiedz\u0119 w instytucjach partnerskich w Hiszpanii i Grecji, przygotowani kompleksowo pod wzgl\u0119dem j\u0119zykowym, kulturowym i psychologicznym. Zapewnione jest tak\u017ce pe\u0142ne ubezpieczenie i wszystkie niezb\u0119dne narz\u0119dzia do efektywnego uczestnictwa w mobilno\u015bciach.<\/p>\n\n\n\n<p>Efekty projektu b\u0119d\u0105 widoczne nie tylko w umiej\u0119tno\u015bciach naszej kadry i s\u0142uchaczy. Nowe elementy programu UTW \u2013 w tym obs\u0142uga narz\u0119dzi ICT, media spo\u0142eczno\u015bciowe, obr\u00f3bka multimedi\u00f3w, efektywne zarz\u0105dzanie grup\u0105 i grywalizacja w nauczaniu doros\u0142ych \u2013 zostan\u0105 wprowadzone do oferty edukacyjnej. Wyniki pracy uczestnik\u00f3w b\u0119d\u0105 dokumentowane w formie prezentacji, e-broszur, notatek i sprawozda\u0144, a zdobyte kompetencje potwierdzone zostan\u0105 certyfikatami uznawanymi w ca\u0142ej Europie, m.in. Europass Mobilno\u015b\u0107.<\/p>\n\n\n\n<p>Projekt potrwa od 1 pa\u017adziernika 2025 r. do 30 wrze\u015bnia 2026 r., a jego ca\u0142kowity bud\u017cet wynosi 39 008 euro. Dzi\u0119ki wsparciu funduszy europejskich udzia\u0142 w mobilno\u015bciach jest ca\u0142kowicie bezp\u0142atny.<\/p>\n\n\n\n<p>Udzia\u0142 w projekcie to dla naszego Uniwersytetu wyj\u0105tkowa okazja, aby sta\u0107 si\u0119 cz\u0119\u015bci\u0105 europejskiej sieci edukacyjnej, wprowadza\u0107 nowoczesne metody nauczania i rozwija\u0107 kompetencje na mi\u0119dzynarodowym poziomie. Dzi\u0119ki do\u015bwiadczeniom zdobytym w Hiszpanii, Grecji i Czechach, nasi s\u0142uchacze i kadra wr\u00f3c\u0105 z inspiracjami, kt\u00f3re wzbogac\u0105 ofert\u0119 UTW i sprawi\u0105, \u017ce nauka w Piekarskim Stowarzyszeniu b\u0119dzie jeszcze ciekawsza, interaktywna i nowoczesna.<br><br><strong>Aktualno\u015bci projektowe:<\/strong><\/p>\n\n\n\n<ul class=\"wp-block-list\">\n<li><a href=\"https:\/\/psutw.piekary.pl\/index.php\/2026\/03\/10\/zajecia-na-teneryfie\/\">Teneryfa &#8211; notatka<\/a><\/li>\n\n\n\n<li><a href=\"https:\/\/psutw.piekary.pl\/index.php\/2026\/03\/20\/erasmus-w-grecji-tolo-2026\/\">Grecja &#8211; notatka<\/a><\/li>\n\n\n\n<li><a href=\"https:\/\/psutw.piekary.pl\/index.php\/2026\/03\/12\/hawierzow-w-czechach\/\">Czechy &#8211; notatka<\/a><\/li>\n\n\n\n<li><a href=\"https:\/\/psutw.piekary.pl\/index.php\/2025\/12\/29\/ogloszenie-rekrutacja-do-projektu-erasmus-dla-sluchaczy\/\">Og\u0142oszenie rekrutacja s\u0142uchacze<\/a><\/li>\n\n\n\n<li><a href=\"https:\/\/psutw.piekary.pl\/index.php\/2025\/11\/17\/ogloszenie-rekrutacja-do-projektu-erasmus-dla-seniorow\/\">Og\u0142oszenie rekrutacja kadra<\/a><\/li>\n\n\n\n<li><a href=\"https:\/\/psutw.piekary.pl\/index.php\/2025\/10\/01\/piekarskie-stowarzyszenie-utw-wkracza-na-europejska-scene-edukacyjna\/\">Otwarcie projektu<\/a><\/li>\n<\/ul>\n\n\n\n<figure class=\"wp-block-gallery has-nested-images columns-default is-cropped wp-block-gallery-1 is-layout-flex wp-block-gallery-is-layout-flex\">\n<figure class=\"wp-block-image size-large\"><img loading=\"lazy\" decoding=\"async\" width=\"480\" height=\"341\" data-id=\"41\" src=\"https:\/\/psutw.piekary.pl\/wp-content\/uploads\/2026\/02\/logo_ue.png\" alt=\"\" class=\"wp-image-41\" srcset=\"https:\/\/psutw.piekary.pl\/wp-content\/uploads\/2026\/02\/logo_ue.png 480w, https:\/\/psutw.piekary.pl\/wp-content\/uploads\/2026\/02\/logo_ue-300x213.png 300w\" sizes=\"auto, (max-width: 480px) 100vw, 480px\" \/><\/figure>\n<\/figure>\n","protected":false},"excerpt":{"rendered":"<p>Piekarskie Stowarzyszenie UTW wkracza na europejsk\u0105 scen\u0119 edukacyjn\u0105 Piekarskie Stowarzyszenie Uniwersytet Trzeciego Wieku rozpoczyna nowy, prze\u0142omowy projekt: \u201eEuropejska jako\u015b\u0107 nauczania i uczenia si\u0119 w Piekarskim Stowarzyszeniu Uniwersytet Trzeciego Wieku\u201d (2025-1-PL01-KA122-ADU-000311224). To pierwsze w historii naszego UTW do\u015bwiadczenie w realizacji projekt\u00f3w unijnych z udzia\u0142em zagranicznych instytucji kszta\u0142cenia os\u00f3b doros\u0142ych, dofinansowane z funduszy Unii Europejskiej. Projekt ma\u2026 <span class=\"read-more\"><a href=\"https:\/\/psutw.piekary.pl\/index.php\/erasmus\/\">Dowiedz si\u0119 wi\u0119cej &raquo;<\/a><\/span><\/p>\n","protected":false},"author":1,"featured_media":0,"parent":0,"menu_order":0,"comment_status":"closed","ping_status":"closed","template":"","meta":{"footnotes":""},"class_list":["post-16","page","type-page","status-publish","hentry"],"_links":{"self":[{"href":"https:\/\/psutw.piekary.pl\/index.php\/wp-json\/wp\/v2\/pages\/16","targetHints":{"allow":["GET"]}}],"collection":[{"href":"https:\/\/psutw.piekary.pl\/index.php\/wp-json\/wp\/v2\/pages"}],"about":[{"href":"https:\/\/psutw.piekary.pl\/index.php\/wp-json\/wp\/v2\/types\/page"}],"author":[{"embeddable":true,"href":"https:\/\/psutw.piekary.pl\/index.php\/wp-json\/wp\/v2\/users\/1"}],"replies":[{"embeddable":true,"href":"https:\/\/psutw.piekary.pl\/index.php\/wp-json\/wp\/v2\/comments?post=16"}],"version-history":[{"count":9,"href":"https:\/\/psutw.piekary.pl\/index.php\/wp-json\/wp\/v2\/pages\/16\/revisions"}],"predecessor-version":[{"id":213,"href":"https:\/\/psutw.piekary.pl\/index.php\/wp-json\/wp\/v2\/pages\/16\/revisions\/213"}],"wp:attachment":[{"href":"https:\/\/psutw.piekary.pl\/index.php\/wp-json\/wp\/v2\/media?parent=16"}],"curies":[{"name":"wp","href":"https:\/\/api.w.org\/{rel}","templated":true}]}}

<h1 class="wp-block-heading">Piekarskie Stowarzyszenie UTW wkracza na europejską scenę edukacyjną</h1>



<p>Piekarskie Stowarzyszenie Uniwersytet Trzeciego Wieku rozpoczyna nowy, przełomowy projekt: „Europejska jakość nauczania i uczenia się w Piekarskim Stowarzyszeniu Uniwersytet Trzeciego Wieku” (2025-1-PL01-KA122-ADU-000311224). To pierwsze w historii naszego UTW doświadczenie w realizacji projektów unijnych z udziałem zagranicznych instytucji kształcenia osób dorosłych, dofinansowane z funduszy Unii Europejskiej.</p>



<p>Projekt ma na celu rozwój kompetencji naszych słuchaczy i kadry – zarówno językowych i cyfrowych, jak i w zakresie zarządzania grupą, obsługi narzędzi ICT oraz innowacyjnych metod uczenia dorosłych opartych na grach.</p>



<p>W ramach wyjazdów edukacyjnych: 9 członków kadry PS UTW weźmie udział w zagranicznych kursach doskonalenia zawodowego, 12 słuchaczy uczestniczyć będzie w mobilności edukacyjnej do Czech. Łącznie 21 osób zdobędzie doświadczenie międzynarodowe, a wśród nich znajdzie się 6 osób o mniejszych szansach, dla których będzie to wyjątkowa okazja do podniesienia kwalifikacji.</p>



<p>Dodatkowo, 2 osoby odbędą wizytę przygotowawczą w Czechach. Projekt realizowany jest we współpracy z czterema zagranicznymi partnerami: czeską PRIGO PSWO, grecką HE, hiszpańską ELA SL oraz UM SL. Uczestnicy będą zdobywać praktyczną wiedzę w instytucjach partnerskich w Hiszpanii i Grecji, przygotowani kompleksowo pod względem językowym, kulturowym i psychologicznym. Zapewnione jest także pełne ubezpieczenie i wszystkie niezbędne narzędzia do efektywnego uczestnictwa w mobilnościach.</p>



<p>Efekty projektu będą widoczne nie tylko w umiejętnościach naszej kadry i słuchaczy. Nowe elementy programu UTW – w tym obsługa narzędzi ICT, media społecznościowe, obróbka multimediów, efektywne zarządzanie grupą i grywalizacja w nauczaniu dorosłych – zostaną wprowadzone do oferty edukacyjnej. Wyniki pracy uczestników będą dokumentowane w formie prezentacji, e-broszur, notatek i sprawozdań, a zdobyte kompetencje potwierdzone zostaną certyfikatami uznawanymi w całej Europie, m.in. Europass Mobilność.</p>



<p>Projekt potrwa od 1 października 2025 r. do 30 września 2026 r., a jego całkowity budżet wynosi 39 008 euro. Dzięki wsparciu funduszy europejskich udział w mobilnościach jest całkowicie bezpłatny.</p>



<p>Udział w projekcie to dla naszego Uniwersytetu wyjątkowa okazja, aby stać się częścią europejskiej sieci edukacyjnej, wprowadzać nowoczesne metody nauczania i rozwijać kompetencje na międzynarodowym poziomie. Dzięki doświadczeniom zdobytym w Hiszpanii, Grecji i Czechach, nasi słuchacze i kadra wrócą z inspiracjami, które wzbogacą ofertę UTW i sprawią, że nauka w Piekarskim Stowarzyszeniu będzie jeszcze ciekawsza, interaktywna i nowoczesna.<br><br><strong>Aktualności projektowe:</strong></p>



<ul class="wp-block-list">
<li><a href="https://psutw.piekary.pl/index.php/2026/03/10/zajecia-na-teneryfie/">Teneryfa &#8211; notatka</a></li>



<li><a href="https://psutw.piekary.pl/index.php/2026/03/20/erasmus-w-grecji-tolo-2026/">Grecja &#8211; notatka</a></li>



<li><a href="https://psutw.piekary.pl/index.php/2026/03/12/hawierzow-w-czechach/">Czechy &#8211; notatka</a></li>



<li><a href="https://psutw.piekary.pl/index.php/2025/12/29/ogloszenie-rekrutacja-do-projektu-erasmus-dla-sluchaczy/">Ogłoszenie rekrutacja słuchacze</a></li>



<li><a href="https://psutw.piekary.pl/index.php/2025/11/17/ogloszenie-rekrutacja-do-projektu-erasmus-dla-seniorow/">Ogłoszenie rekrutacja kadra</a></li>



<li><a href="https://psutw.piekary.pl/index.php/2025/10/01/piekarskie-stowarzyszenie-utw-wkracza-na-europejska-scene-edukacyjna/">Otwarcie projektu</a></li>
</ul>



<figure class="wp-block-gallery has-nested-images columns-default is-cropped wp-block-gallery-1 is-layout-flex wp-block-gallery-is-layout-flex">
<figure class="wp-block-image size-large"><img loading="lazy" decoding="async" width="480" height="341" data-id="41" src="https://psutw.piekary.pl/wp-content/uploads/2026/02/logo_ue.png" alt="" class="wp-image-41" srcset="https://psutw.piekary.pl/wp-content/uploads/2026/02/logo_ue.png 480w, https://psutw.piekary.pl/wp-content/uploads/2026/02/logo_ue-300x213.png 300w" sizes="auto, (max-width: 480px) 100vw, 480px" /></figure>
</figure>

<p>Piekarskie Stowarzyszenie UTW wkracza na europejską scenę edukacyjną Piekarskie Stowarzyszenie Uniwersytet Trzeciego Wieku rozpoczyna nowy, przełomowy projekt: „Europejska jakość nauczania i uczenia się w Piekarskim Stowarzyszeniu Uniwersytet Trzeciego Wieku” (2025-1-PL01-KA122-ADU-000311224). To pierwsze w historii naszego UTW doświadczenie w realizacji projektów unijnych z udziałem zagranicznych instytucji kształcenia osób dorosłych, dofinansowane z funduszy Unii Europejskiej. Projekt ma… <span class="read-more"><a href="https://psutw.piekary.pl/index.php/erasmus/">Dowiedz się więcej &raquo;</a></span></p>
